{"id":2422,"date":"2026-04-03T09:24:21","date_gmt":"2026-04-03T09:24:21","guid":{"rendered":"https:\/\/kurzy-klimatizace.cz\/?post_type=product&#038;p=2422"},"modified":"2026-04-07T13:09:02","modified_gmt":"2026-04-07T13:09:02","slug":"kurz-tepelnych-cerpadel","status":"publish","type":"product","link":"https:\/\/klimakurzy.cz\/?product=kurz-tepelnych-cerpadel","title":{"rendered":"Kurz tepeln\u00fdch \u010derpadel \ud83d\udd27\ud83c\udf21\ufe0f"},"content":{"rendered":"<p data-start=\"125\" data-end=\"317\">Z\u00edskejte odborn\u00e9 znalosti a praktick\u00e9 dovednosti pro <strong data-start=\"178\" data-end=\"236\">mont\u00e1\u017e tepeln\u00fdch \u010derpadel, uveden\u00ed do provozu a servis<\/strong>. Kurz je zam\u011b\u0159en na re\u00e1ln\u00e9 situace z praxe a pr\u00e1ci s modern\u00edmi syst\u00e9my vyt\u00e1p\u011bn\u00ed.<\/p>\n<p data-start=\"319\" data-end=\"489\">\u0160kolen\u00ed je vhodn\u00e9 pro mont\u00e1\u017en\u00ed firmy, techniky, instalat\u00e9ry i za\u010d\u00e1te\u010dn\u00edky, kte\u0159\u00ed cht\u011bj\u00ed roz\u0161\u00ed\u0159it sv\u00e9 slu\u017eby o <strong data-start=\"429\" data-end=\"488\">mont\u00e1\u017e tepeln\u00fdch \u010derpadel vzduch-voda a dal\u0161\u00edch syst\u00e9m\u016f<\/strong>.<\/p>\n<hr data-start=\"491\" data-end=\"494\" \/>\n<h2 data-section-id=\"wr6oqp\" data-start=\"496\" data-end=\"520\">Co se v kurzu nau\u010d\u00edte<\/h2>\n<h3 data-section-id=\"1quo0l1\" data-start=\"522\" data-end=\"544\">Teoretick\u00e1 \u010d\u00e1st \ud83d\udcd8<\/h3>\n<p data-start=\"546\" data-end=\"572\">Z\u00e1klady tepeln\u00fdch \u010derpadel<\/p>\n<ul data-start=\"573\" data-end=\"672\">\n<li data-section-id=\"j5bp72\" data-start=\"573\" data-end=\"617\">\ud83c\udf21\ufe0f Princip fungov\u00e1n\u00ed tepeln\u00e9ho \u010derpadla<\/li>\n<li data-section-id=\"sklikm\" data-start=\"618\" data-end=\"641\">\ud83d\udd01 Chladivov\u00fd okruh<\/li>\n<li data-section-id=\"q5ps3w\" data-start=\"642\" data-end=\"672\">\u2699\ufe0f Typy tepeln\u00fdch \u010derpadel<\/li>\n<\/ul>\n<p data-start=\"674\" data-end=\"698\">Druhy tepeln\u00fdch \u010derpadel<\/p>\n<ul data-start=\"699\" data-end=\"790\">\n<li data-section-id=\"mujyum\" data-start=\"699\" data-end=\"720\">\ud83c\udf2c\ufe0f Vzduch \u2013 voda<\/li>\n<li data-section-id=\"1d58zfj\" data-start=\"721\" data-end=\"739\">\ud83c\udf0d Zem\u011b \u2013 voda<\/li>\n<li data-section-id=\"y9wmn5\" data-start=\"740\" data-end=\"758\">\ud83c\udf2c\ufe0fVzduch &#8211; vzduch<\/li>\n<li data-section-id=\"8i527y\" data-start=\"759\" data-end=\"790\">\ud83c\udfe0 Split a monoblok syst\u00e9my<\/li>\n<\/ul>\n<p data-start=\"792\" data-end=\"805\">N\u00e1vrh syst\u00e9mu<\/p>\n<ul data-start=\"806\" data-end=\"886\">\n<li data-section-id=\"1a6g1dn\" data-start=\"806\" data-end=\"831\">\ud83d\udcd0 Dimenzov\u00e1n\u00ed v\u00fdkonu<\/li>\n<li data-section-id=\"1ilcj8t\" data-start=\"832\" data-end=\"859\">\ud83d\udd27 Hydraulick\u00e9 zapojen\u00ed<\/li>\n<li data-section-id=\"18z5gz\" data-start=\"860\" data-end=\"886\">\u26a1 Elektrick\u00e9 p\u0159ipojen\u00ed<\/li>\n<\/ul>\n<hr data-start=\"888\" data-end=\"891\" \/>\n<h2 data-section-id=\"35rwlk\" data-start=\"893\" data-end=\"913\">Praktick\u00e1 \u010d\u00e1st \ud83d\udd27<\/h2>\n<p data-start=\"915\" data-end=\"940\">Mont\u00e1\u017e tepeln\u00e9ho \u010derpadla<\/p>\n<ul data-start=\"941\" data-end=\"1031\">\n<li data-section-id=\"1hy0io7\" data-start=\"941\" data-end=\"971\">\ud83d\udccd V\u00fdb\u011br vhodn\u00e9ho um\u00edst\u011bn\u00ed<\/li>\n<li data-section-id=\"1g9f2gn\" data-start=\"972\" data-end=\"1006\">\ud83d\udd28 Instalace venkovn\u00ed jednotky<\/li>\n<li data-section-id=\"1gshdj4\" data-start=\"1007\" data-end=\"1031\">\ud83d\udd17 Propojen\u00ed syst\u00e9mu<\/li>\n<\/ul>\n<p data-start=\"1033\" data-end=\"1053\">Hydraulick\u00e9 zapojen\u00ed<\/p>\n<ul data-start=\"1054\" data-end=\"1130\">\n<li data-section-id=\"16sqzxp\" data-start=\"1054\" data-end=\"1085\">\ud83d\udd27 Zapojen\u00ed topn\u00e9ho syst\u00e9mu<\/li>\n<li data-section-id=\"hkkqk2\" data-start=\"1086\" data-end=\"1110\">\ud83d\udd01 Akumula\u010dn\u00ed n\u00e1dr\u017ee<\/li>\n<li data-section-id=\"zimh3h\" data-start=\"1111\" data-end=\"1130\">\ud83d\udca7 Zapojen\u00ed TUV<\/li>\n<\/ul>\n<p data-start=\"1132\" data-end=\"1150\">Uveden\u00ed do provozu<\/p>\n<ul data-start=\"1151\" data-end=\"1225\">\n<li data-section-id=\"jf2pah\" data-start=\"1151\" data-end=\"1176\">\u2699\ufe0f Nastaven\u00ed regulace<\/li>\n<li data-section-id=\"hmw3wy\" data-start=\"1177\" data-end=\"1202\">\ud83d\udcca Kontrola parametr\u016f<\/li>\n<li data-section-id=\"yldti4\" data-start=\"1203\" data-end=\"1225\">\ud83e\uddea Funk\u010dn\u00ed zkou\u0161ky<\/li>\n<\/ul>\n<hr data-start=\"1227\" data-end=\"1230\" \/>\n<h2 data-section-id=\"gzd8cn\" data-start=\"1232\" data-end=\"1253\">Servis a \u00fadr\u017eba \ud83d\udd27<\/h2>\n<ul data-start=\"1255\" data-end=\"1356\">\n<li data-section-id=\"nvgptq\" data-start=\"1255\" data-end=\"1279\">\ud83d\udd04 Pravideln\u00e1 \u00fadr\u017eba<\/li>\n<li data-section-id=\"1i4n501\" data-start=\"1280\" data-end=\"1305\">\ud83e\ude7a Diagnostika poruch<\/li>\n<li data-section-id=\"1dzbssv\" data-start=\"1306\" data-end=\"1328\">\ud83d\udd01 Servis za\u0159\u00edzen\u00ed<\/li>\n<li data-section-id=\"1eu0w37\" data-start=\"1329\" data-end=\"1356\">\u2699\ufe0f Optimalizace provozu<\/li>\n<\/ul>\n<hr data-start=\"1358\" data-end=\"1361\" \/>\n<h2 data-section-id=\"177s7vj\" data-start=\"1363\" data-end=\"1383\">Informace o kurzu<\/h2>\n<p data-start=\"1385\" data-end=\"1529\"><br data-start=\"1409\" data-end=\"1412\" \/><strong data-start=\"1412\" data-end=\"1426\">Zakon\u010den\u00ed:<\/strong> Certifik\u00e1t o absolvov\u00e1n\u00ed<br data-start=\"1451\" data-end=\"1454\" \/><strong data-start=\"1454\" data-end=\"1465\">\u00darove\u0148:<\/strong> Za\u010d\u00e1te\u010dn\u00edci i pokro\u010dil\u00ed<br data-start=\"1489\" data-end=\"1492\" \/><strong data-start=\"1492\" data-end=\"1502\">Forma:<\/strong> Teorie + praktick\u00e1 v\u00fduka<\/p>\n<hr data-start=\"1531\" data-end=\"1534\" \/>\n<h2 data-section-id=\"dnm6s3\" data-start=\"1536\" data-end=\"1561\">Pro koho je kurz ur\u010den<\/h2>\n<ul data-start=\"1563\" data-end=\"1648\">\n<li data-section-id=\"qb8tqd\" data-start=\"1563\" data-end=\"1581\">Mont\u00e1\u017en\u00ed firmy<\/li>\n<li data-section-id=\"17hdv1u\" data-start=\"1582\" data-end=\"1597\">Instalat\u00e9ry<\/li>\n<li data-section-id=\"16iksi4\" data-start=\"1598\" data-end=\"1619\">Servisn\u00ed techniky<\/li>\n<li data-section-id=\"rqzn11\" data-start=\"1620\" data-end=\"1632\">Topen\u00e1\u0159e<\/li>\n<li data-section-id=\"1kn0oc2\" data-start=\"1633\" data-end=\"1648\">Za\u010d\u00e1te\u010dn\u00edky<\/li>\n<\/ul>\n<hr data-start=\"1650\" data-end=\"1653\" \/>\n<h2 data-section-id=\"1l8dhnz\" data-start=\"1655\" data-end=\"1669\">Dal\u0161\u00ed kurzy<\/h2>\n<p data-start=\"1671\" data-end=\"1743\">\ud83d\udc49 Kurzy klimatizac\u00ed<br data-start=\"1691\" data-end=\"1694\" \/>\ud83d\udc49 Kurzy sol\u00e1rn\u00edch syst\u00e9m\u016f<\/p>\n<hr data-start=\"1745\" data-end=\"1748\" \/>\n<h2 data-section-id=\"ovihpl\" data-start=\"1750\" data-end=\"1772\">Certifikace a normy<\/h2>\n<p data-start=\"1774\" data-end=\"1852\">Kurz je veden v souladu s platn\u00fdmi technick\u00fdmi normami a doporu\u010den\u00edmi v\u00fdrobc\u016f.<\/p>\n","protected":false},"excerpt":{"rendered":"<p>Z\u00edskejte odborn\u00e9 znalosti a praktick\u00e9 dovednosti pro mont\u00e1\u017e tepeln\u00fdch \u010derpadel, uveden\u00ed do provozu a servis. Kurz je zam\u011b\u0159en na re\u00e1ln\u00e9 situace z praxe a pr\u00e1ci s modern\u00edmi syst\u00e9my vyt\u00e1p\u011bn\u00ed. \u0160kolen\u00ed [&hellip;]<\/p>\n","protected":false},"featured_media":2398,"comment_status":"open","ping_status":"closed","template":"","meta":[],"product_brand":[],"product_cat":[118],"product_tag":[],"class_list":{"0":"post-2422","1":"product","2":"type-product","3":"status-publish","4":"has-post-thumbnail","6":"product_cat-kurzy","8":"first","9":"instock","10":"shipping-taxable","11":"purchasable","12":"product-type-simple"},"yoast_head":"<!-- This site is optimized with the Yoast SEO plugin v27.3 - https:\/\/yoast.com\/product\/yoast-seo-wordpress\/ -->\n<title>Kurz tepeln\u00fdch \u010derpadel | Praktick\u00e9 \u0161kolen\u00ed mont\u00e1\u017ee<\/title>\n<meta name=\"description\" content=\"Kurz tepeln\u00fdch \u010derpadel. Nau\u010dte se mont\u00e1\u017e, zapojen\u00ed a uveden\u00ed do provozu. Praktick\u00e9 \u0161kolen\u00ed pro techniky a mont\u00e1\u017en\u00ed firmy.\" \/>\n<meta name=\"robots\" content=\"index, follow, max-snippet:-1, max-image-preview:large, max-video-preview:-1\" \/>\n<link rel=\"canonical\" href=\"https:\/\/klimakurzy.cz\/?product=kurz-tepelnych-cerpadel\" \/>\n<meta property=\"og:locale\" content=\"cs_CZ\" \/>\n<meta property=\"og:type\" content=\"article\" \/>\n<meta property=\"og:title\" content=\"Kurz tepeln\u00fdch \u010derpadel | Praktick\u00e9 \u0161kolen\u00ed mont\u00e1\u017ee\" \/>\n<meta property=\"og:description\" content=\"Kurz tepeln\u00fdch \u010derpadel. Nau\u010dte se mont\u00e1\u017e, zapojen\u00ed a uveden\u00ed do provozu. Praktick\u00e9 \u0161kolen\u00ed pro techniky a mont\u00e1\u017en\u00ed firmy.\" \/>\n<meta property=\"og:url\" content=\"https:\/\/klimakurzy.cz\/?product=kurz-tepelnych-cerpadel\" \/>\n<meta property=\"og:site_name\" content=\"kurzy-klimatizace\" \/>\n<meta property=\"article:modified_time\" content=\"2026-04-07T13:09:02+00:00\" \/>\n<meta property=\"og:image\" content=\"https:\/\/klimakurzy.cz\/wp-content\/uploads\/2026\/04\/Tepelko-1024x683.png\" \/>\n\t<meta property=\"og:image:width\" content=\"1024\" \/>\n\t<meta property=\"og:image:height\" content=\"683\" \/>\n\t<meta property=\"og:image:type\" content=\"image\/png\" \/>\n<meta name=\"twitter:card\" content=\"summary_large_image\" \/>\n<meta name=\"twitter:label1\" content=\"Odhadovan\u00e1 doba \u010dten\u00ed\" \/>\n\t<meta name=\"twitter:data1\" content=\"2 minuty\" \/>\n<script type=\"application\/ld+json\" class=\"yoast-schema-graph\">{\"@context\":\"https:\\\/\\\/schema.org\",\"@graph\":[{\"@type\":\"WebPage\",\"@id\":\"https:\\\/\\\/klimakurzy.cz\\\/?product=kurz-tepelnych-cerpadel\",\"url\":\"https:\\\/\\\/klimakurzy.cz\\\/?product=kurz-tepelnych-cerpadel\",\"name\":\"Kurz tepeln\u00fdch \u010derpadel | Praktick\u00e9 \u0161kolen\u00ed mont\u00e1\u017ee\",\"isPartOf\":{\"@id\":\"https:\\\/\\\/klimakurzy.cz\\\/#website\"},\"primaryImageOfPage\":{\"@id\":\"https:\\\/\\\/klimakurzy.cz\\\/?product=kurz-tepelnych-cerpadel#primaryimage\"},\"image\":{\"@id\":\"https:\\\/\\\/klimakurzy.cz\\\/?product=kurz-tepelnych-cerpadel#primaryimage\"},\"thumbnailUrl\":\"https:\\\/\\\/klimakurzy.cz\\\/wp-content\\\/uploads\\\/2026\\\/04\\\/Tepelko.png\",\"datePublished\":\"2026-04-03T09:24:21+00:00\",\"dateModified\":\"2026-04-07T13:09:02+00:00\",\"description\":\"Kurz tepeln\u00fdch \u010derpadel. Nau\u010dte se mont\u00e1\u017e, zapojen\u00ed a uveden\u00ed do provozu. Praktick\u00e9 \u0161kolen\u00ed pro techniky a mont\u00e1\u017en\u00ed firmy.\",\"breadcrumb\":{\"@id\":\"https:\\\/\\\/klimakurzy.cz\\\/?product=kurz-tepelnych-cerpadel#breadcrumb\"},\"inLanguage\":\"cs\",\"potentialAction\":[{\"@type\":\"ReadAction\",\"target\":[\"https:\\\/\\\/klimakurzy.cz\\\/?product=kurz-tepelnych-cerpadel\"]}]},{\"@type\":\"ImageObject\",\"inLanguage\":\"cs\",\"@id\":\"https:\\\/\\\/klimakurzy.cz\\\/?product=kurz-tepelnych-cerpadel#primaryimage\",\"url\":\"https:\\\/\\\/klimakurzy.cz\\\/wp-content\\\/uploads\\\/2026\\\/04\\\/Tepelko.png\",\"contentUrl\":\"https:\\\/\\\/klimakurzy.cz\\\/wp-content\\\/uploads\\\/2026\\\/04\\\/Tepelko.png\",\"width\":1536,\"height\":1024},{\"@type\":\"BreadcrumbList\",\"@id\":\"https:\\\/\\\/klimakurzy.cz\\\/?product=kurz-tepelnych-cerpadel#breadcrumb\",\"itemListElement\":[{\"@type\":\"ListItem\",\"position\":1,\"name\":\"Dom\u016f\",\"item\":\"https:\\\/\\\/klimakurzy.cz\\\/\"},{\"@type\":\"ListItem\",\"position\":2,\"name\":\"Shop\",\"item\":\"https:\\\/\\\/klimakurzy.cz\\\/?page_id=55\"},{\"@type\":\"ListItem\",\"position\":3,\"name\":\"Kurz tepeln\u00fdch \u010derpadel\"}]},{\"@type\":\"WebSite\",\"@id\":\"https:\\\/\\\/klimakurzy.cz\\\/#website\",\"url\":\"https:\\\/\\\/klimakurzy.cz\\\/\",\"name\":\"kurzy-klimatizace\",\"description\":\"Kurzy-klimatizace\",\"potentialAction\":[{\"@type\":\"SearchAction\",\"target\":{\"@type\":\"EntryPoint\",\"urlTemplate\":\"https:\\\/\\\/klimakurzy.cz\\\/?s={search_term_string}\"},\"query-input\":{\"@type\":\"PropertyValueSpecification\",\"valueRequired\":true,\"valueName\":\"search_term_string\"}}],\"inLanguage\":\"cs\"}]}<\/script>\n<!-- \/ Yoast SEO plugin. -->","yoast_head_json":{"title":"Kurz tepeln\u00fdch \u010derpadel | Praktick\u00e9 \u0161kolen\u00ed mont\u00e1\u017ee","description":"Kurz tepeln\u00fdch \u010derpadel. Nau\u010dte se mont\u00e1\u017e, zapojen\u00ed a uveden\u00ed do provozu. Praktick\u00e9 \u0161kolen\u00ed pro techniky a mont\u00e1\u017en\u00ed firmy.","robots":{"index":"index","follow":"follow","max-snippet":"max-snippet:-1","max-image-preview":"max-image-preview:large","max-video-preview":"max-video-preview:-1"},"canonical":"https:\/\/klimakurzy.cz\/?product=kurz-tepelnych-cerpadel","og_locale":"cs_CZ","og_type":"article","og_title":"Kurz tepeln\u00fdch \u010derpadel | Praktick\u00e9 \u0161kolen\u00ed mont\u00e1\u017ee","og_description":"Kurz tepeln\u00fdch \u010derpadel. Nau\u010dte se mont\u00e1\u017e, zapojen\u00ed a uveden\u00ed do provozu. Praktick\u00e9 \u0161kolen\u00ed pro techniky a mont\u00e1\u017en\u00ed firmy.","og_url":"https:\/\/klimakurzy.cz\/?product=kurz-tepelnych-cerpadel","og_site_name":"kurzy-klimatizace","article_modified_time":"2026-04-07T13:09:02+00:00","og_image":[{"width":1024,"height":683,"url":"https:\/\/klimakurzy.cz\/wp-content\/uploads\/2026\/04\/Tepelko-1024x683.png","type":"image\/png"}],"twitter_card":"summary_large_image","twitter_misc":{"Odhadovan\u00e1 doba \u010dten\u00ed":"2 minuty"},"schema":{"@context":"https:\/\/schema.org","@graph":[{"@type":"WebPage","@id":"https:\/\/klimakurzy.cz\/?product=kurz-tepelnych-cerpadel","url":"https:\/\/klimakurzy.cz\/?product=kurz-tepelnych-cerpadel","name":"Kurz tepeln\u00fdch \u010derpadel | Praktick\u00e9 \u0161kolen\u00ed mont\u00e1\u017ee","isPartOf":{"@id":"https:\/\/klimakurzy.cz\/#website"},"primaryImageOfPage":{"@id":"https:\/\/klimakurzy.cz\/?product=kurz-tepelnych-cerpadel#primaryimage"},"image":{"@id":"https:\/\/klimakurzy.cz\/?product=kurz-tepelnych-cerpadel#primaryimage"},"thumbnailUrl":"https:\/\/klimakurzy.cz\/wp-content\/uploads\/2026\/04\/Tepelko.png","datePublished":"2026-04-03T09:24:21+00:00","dateModified":"2026-04-07T13:09:02+00:00","description":"Kurz tepeln\u00fdch \u010derpadel. Nau\u010dte se mont\u00e1\u017e, zapojen\u00ed a uveden\u00ed do provozu. Praktick\u00e9 \u0161kolen\u00ed pro techniky a mont\u00e1\u017en\u00ed firmy.","breadcrumb":{"@id":"https:\/\/klimakurzy.cz\/?product=kurz-tepelnych-cerpadel#breadcrumb"},"inLanguage":"cs","potentialAction":[{"@type":"ReadAction","target":["https:\/\/klimakurzy.cz\/?product=kurz-tepelnych-cerpadel"]}]},{"@type":"ImageObject","inLanguage":"cs","@id":"https:\/\/klimakurzy.cz\/?product=kurz-tepelnych-cerpadel#primaryimage","url":"https:\/\/klimakurzy.cz\/wp-content\/uploads\/2026\/04\/Tepelko.png","contentUrl":"https:\/\/klimakurzy.cz\/wp-content\/uploads\/2026\/04\/Tepelko.png","width":1536,"height":1024},{"@type":"BreadcrumbList","@id":"https:\/\/klimakurzy.cz\/?product=kurz-tepelnych-cerpadel#breadcrumb","itemListElement":[{"@type":"ListItem","position":1,"name":"Dom\u016f","item":"https:\/\/klimakurzy.cz\/"},{"@type":"ListItem","position":2,"name":"Shop","item":"https:\/\/klimakurzy.cz\/?page_id=55"},{"@type":"ListItem","position":3,"name":"Kurz tepeln\u00fdch \u010derpadel"}]},{"@type":"WebSite","@id":"https:\/\/klimakurzy.cz\/#website","url":"https:\/\/klimakurzy.cz\/","name":"kurzy-klimatizace","description":"Kurzy-klimatizace","potentialAction":[{"@type":"SearchAction","target":{"@type":"EntryPoint","urlTemplate":"https:\/\/klimakurzy.cz\/?s={search_term_string}"},"query-input":{"@type":"PropertyValueSpecification","valueRequired":true,"valueName":"search_term_string"}}],"inLanguage":"cs"}]}},"_links":{"self":[{"href":"https:\/\/klimakurzy.cz\/index.php?rest_route=\/wp\/v2\/product\/2422","targetHints":{"allow":["GET"]}}],"collection":[{"href":"https:\/\/klimakurzy.cz\/index.php?rest_route=\/wp\/v2\/product"}],"about":[{"href":"https:\/\/klimakurzy.cz\/index.php?rest_route=\/wp\/v2\/types\/product"}],"replies":[{"embeddable":true,"href":"https:\/\/klimakurzy.cz\/index.php?rest_route=%2Fwp%2Fv2%2Fcomments&post=2422"}],"wp:featuredmedia":[{"embeddable":true,"href":"https:\/\/klimakurzy.cz\/index.php?rest_route=\/wp\/v2\/media\/2398"}],"wp:attachment":[{"href":"https:\/\/klimakurzy.cz\/index.php?rest_route=%2Fwp%2Fv2%2Fmedia&parent=2422"}],"wp:term":[{"taxonomy":"product_brand","embeddable":true,"href":"https:\/\/klimakurzy.cz\/index.php?rest_route=%2Fwp%2Fv2%2Fproduct_brand&post=2422"},{"taxonomy":"product_cat","embeddable":true,"href":"https:\/\/klimakurzy.cz\/index.php?rest_route=%2Fwp%2Fv2%2Fproduct_cat&post=2422"},{"taxonomy":"product_tag","embeddable":true,"href":"https:\/\/klimakurzy.cz\/index.php?rest_route=%2Fwp%2Fv2%2Fproduct_tag&post=2422"}],"curies":[{"name":"wp","href":"https:\/\/api.w.org\/{rel}","templated":true}]}}